d 1924130?
722
What is the highest common divisor of 1197808 and 9872?
16
What is the greatest common factor of 889 and 69161279?
127
What is the highest common divisor of 42893180 and 7230?
2410
Calculate the greatest common factor of 437190 and 293208.
114
What is the greatest common factor of 224 and 7869152?
32
What is the highest common factor of 237916125 and 9855?
3285
Calculate the highest common factor of 23270 and 205400.
130
What is the highest common factor of 29 and 402005975?
29
Calculate the highest common divisor of 1228500 and 4641.
273
Calculate the highest common divisor of 5 and 960561605.
5
Calculate the highest common factor of 4000 and 1282554000.
2000
What is the greatest common divisor of 22914 and 163476?
342
What is the greatest common divisor of 6237 and 10216173?
33
Calculate the highest common factor of 920 and 258440.
40
What is the greatest common divisor of 44747313 and 507?
507
What is the highest common divisor of 8 and 725678104?
8
What is the greatest common factor of 506814158 and 831?
277
What is the highest common divisor of 3117395 and 106455?
755
Calculate the highest common divisor of 1998 and 227820951.
999
Calculate the greatest common factor of 15903 and 2056693.
19
Calculate the highest common divisor of 366473 and 551.
29
Calculate the highest common divisor of 8365042 and 17304.
1442
Calculate the highest common factor of 2559049 and 9.
1
What is the highest common divisor of 19544629 and 7235?
1447
Calculate the highest common divisor of 118466594 and 1038.
346
Calculate the highest common factor of 23801268 and 27.
3
Calculate the greatest common factor of 228651 and 2174871.
597
What is the highest common divisor of 164 and 32135759?
41
Calculate the greatest common divisor of 10 and 7321020.
10
What is the greatest common divisor of 3462196 and 91904?
1436
Calculate the greatest common divisor of 72927 and 1241073.
657
What is the highest common divisor of 549632 and 414936?
904
Calculate the highest common factor of 207590525 and 8050.
575
What is the greatest common factor of 73575677 and 356?
89
Calculate the greatest common factor of 234591936 and 3424.
3424
What is the greatest common divisor of 2330 and 762817535?
1165
Calculate the greatest common divisor of 27280780 and 60.
20
Calculate the highest common factor of 428 and 15297041.
107
Calculate the greatest common factor of 66297328 and 369.
41
Calculate the highest common factor of 197924752 and 80.
16
Calculate the highest common divisor of 1777274 and 634.
2
Calculate the highest common divisor of 2922434 and 576907.
4211
Calculate the highest common factor of 2076 and 1286428.
692
What is the greatest common divisor of 31350 and 10934?
22
Calculate the highest common factor of 7414155 and 42.
21
Calculate the highest common factor of 13100101 and 1995.
133
What is the highest common factor of 19005 and 26050425?
2715
What is the highest common factor of 7932 and 97353402?
3966
What is the highest common factor of 246508 and 124?
4
What is the highest common divisor of 12816 and 13964?
4
What is the greatest common divisor of 594082 and 4848?
202
Calculate the highest common divisor of 2613046 and 10381.
1483
What is the greatest common factor of 118972 and 1304184?
196
What is the highest common divisor of 37 and 1610970935?
37
Calculate the highest common factor of 2678 and 69507593.
103
What is the greatest common factor of 2233 and 1776852?
77
What is the highest common factor of 479360 and 1015644?
2996
Calculate the greatest common factor of 124968 and 930.
6
What is the greatest common divisor of 2882 and 132946660?
2882
Calculate the greatest common factor of 11174 and 5877746.
74
What is the greatest common factor of 36324 and 153630?
18
Calculate the highest common factor of 21917502 and 872.
218
Calculate the greatest common divisor of 663 and 937911.
39
Calculate the greatest common factor of 822 and 2970982.
274
Calculate the greatest common divisor of 4257 and 186241.
11
Calculate the highest common factor of 6102 and 3500853.
339
What is the greatest common factor of 1512 and 751581?
9
Calculate the highest common factor of 5637035 and 905.
5
Calculate the greatest common divisor of 6060 and 23284.
4
What is the highest common divisor of 3341177 and 2436?
203
Calculate the greatest common factor of 315 and 170139555.
45
What is the highest common divisor of 8853 and 551967?
39
What is the highest common divisor of 29115075 and 22?
11
What is the highest common factor of 272016 and 27?
9
Calculate the highest common factor of 214648841 and 22.
11
Calculate the highest common divisor of 602878 and 666.
74
What is the highest common factor of 7360 and 1688960?
320
What is the greatest common divisor of 559 and 5808827?
43
What is the greatest common divisor of 122108 and 37975?
49
What is the highest common divisor of 3613 and 2563589698?
3613
What is the greatest common divisor of 205600 and 1175200?
800
Calculate the highest common divisor of 60253841 and 2017.
2017
What is the highest common divisor of 142477711 and 70819?
10117
Calculate the highest common divisor of 3071 and 53206.
37
Calculate the greatest common factor of 2981 and 1840361.
271
Calculate the greatest common factor of 43010 and 187335.
115
What is the highest common factor of 19271098 and 616?
154
Calculate the highest common factor of 738 and 9205074.
738
Calculate the highest common factor of 369136088 and 64.
8
Calculate the greatest common factor of 163723824 and 144.
144
What is the highest common divisor of 31104827 and 148?
37
Calculate the greatest common factor of 278 and 41814536.
278
Calculate the highest common divisor of 52496 and 382062800.
3088
What is the highest common factor of 37385 and 4055?
5
Calculate the highest common divisor of 896610 and 122210.
1210
What is the highest common factor of 64125 and 298775?
475
Calculate the greatest common factor of 109727591 and 6081.
2027
Calculate the highest common factor of 5020902 and 4446.
342
What is the highest common divisor of 32905 and 14695?
5
What is the highest common divisor of 2033776940 and 4310?
4310
What is the greatest common divisor of 109042216 and 8?
8
Calculate the highest common divisor of 9 and 28125.
9
Calculate the highest common divisor of 4840911 and 21033.
1107
What is the highest common divisor of 9119 and 2385862?
829
What is the highest common factor of 1541666 and 1?
1
What is the greatest common factor of 267070 and 1570?
10
Calculate the highest common divisor of 1788019 and 7729.
131
What is the greatest common divisor of 26112 and 189584?
272
Calculate the highest common divisor of 147961900 and 1191.
397
Calculate the greatest common factor of 5999 and 145565.
7
Calculate the highest common divisor of 2356 and 545786248.
2356
Calculate the highest common factor of 859870 and 27560.
10
Calculate the highest common factor of 448199994 and 33.
33
Calculate the greatest common divisor of 4411826 and 35828.
106
Calculate the highest common divisor of 178200 and 815832.
648
Calculate the greatest common divisor of 180096 and 54833604.
5628
Calculate the greatest common divisor of 202 and 256646050.
202
Calculate the highest common factor of 8470 and 3269662.
242
What is the greatest common factor of 629 and 154022971?
37
What is the greatest common divisor of 37727912 and 46?
46
What is the highest common divisor of 3562552 and 392?
56
What is the highest common factor of 638 and 3496097?
11
Calculate the highest common divisor of 651960 and 203400.
360
What is the greatest common divisor of 418 and 135702952?
22
Calculate the greatest common divisor of 1749 and 4180534.
53
Calculate the highest common divisor of 459 and 75466647.
27
What is the greatest common divisor of 16438014 and 612?
306
Calculate the greatest common divisor of 3092622 and 447330.
2418
Calculate the highest common factor of 315 and 2379279.
21
What is the greatest common factor of 454958 and 343?
7
What is the greatest common divisor of 50 and 881810?
10
Calculate the greatest common divisor of 730 and 3247420.
10
What is the highest common factor of 22512157 and 13374?
743
Calculate the greatest common factor of 20045689 and 5592.
233
Calculate the highest common factor of 12